{"id":288,"date":"2025-02-21T13:45:24","date_gmt":"2025-02-21T13:45:24","guid":{"rendered":"https:\/\/5mh2vulgata.com\/?page_id=288"},"modified":"2025-12-31T11:05:48","modified_gmt":"2025-12-31T11:05:48","slug":"invention","status":"publish","type":"page","link":"https:\/\/5mh2vulgata.com\/index.php\/invention\/","title":{"rendered":"6-Invention"},"content":{"rendered":"<p>1.Invention of weird things and Everything. 2.&#8221;help fight climate change&#8221; &#8221; 3.The flood of free things is cumming&#8221; = ?<\/p>\n<p> USA law 555 ,Danish law 243<\/p>\n<p>1. &#8220;Free energy phone&#8221; only minimum charge Pope Francis edition Contact For Design Plan. thank you pope fancies . for your learning.<\/p>\n<p>2. &#8220;A lot of sports game&#8221; for the future Contact For Design Plan. thank you pope fancies . for your learning.<\/p>\n<p>3. &#8220;Music and poems writer&#8221; Contact for info. thank you pope fancies . for your learning.<\/p>\n<p>4. &#8220;Live motion AI for games 1 TO 5&#8221; current used in https:\/\/www.rokoko.com\/ motion capture from videos and movies  Contact for info thank you pope fancies . for your learning.<\/p>\n<p>5. &#8220;Games design and system development&#8221; Contact for info thank you pope fancies . for your learning.<\/p>\n<p>6. &#8220;chip design&#8221; Contact for info thank you pope fancies . for your learning.<\/p>\n<p>7. &#8220;The word spectacles for the future&#8221; Contact for info thank you pope fancies . for your learning.<\/p>\n<p>8. &#8220;Air port design for the future&#8221; Contact for info thank you pope fancies . for your learning.<\/p>\n<p>9. &#8220;five trees in paradise &#8221; free see &#8220;Home link&#8221; planet eon thank you pope fancies . for your learning.<\/p>\n<p>10. &#8220;frequency of electricity &#8221; use for free but no bombs see source code. thank you pope fancies . for your learning.<\/p>\n<p>11. &#8220;A portable cooler for your coke,pepsi,carlsberg&#8221; free energy all most. Contact for info thank you pope fancies . for your learning.<\/p>\n<p>12. &#8220;lamppost free energy&#8221; Contact for info thank you pope fancies . for your learning.<\/p>\n<p>13.Project star travel<br \/>\ncoming soon a place where you can buy the moon and your own star i will be name of your family or your name of you and social number. only 1 star or a planet per human thank you pope fancies . for your learning.<br \/>\npre order her please michaelviste@icloud.com<\/p>\n<p>14. Search engine for the future of web Contact for info www thank you pope fancies . for your learning.<\/p>\n<p>15. defense system upgrade &#8220;hitman systems&#8221; system with motion capture tech for the army contact for info MICHAELVISTE@ICLOUD.COM thank you pope fancies . for your learning.<\/p>\n<p>16. &#8220;Project understand&#8221; realtime translation between phones country to nation and all around. people on planet earth. every atom,El,nuclear,device that can extend the human or n &#8220;terms not on planet earth&#8221; the hole universe and boyund time and spacetime.everthing include sun contact mellem sole of rejse<br \/>\n&#8220;got a phone we understand&#8221; contact Michael Hansen at michaelviste@icloud.com for more info.<\/p>\n<p>business opportunity.<br \/>\nwww.worldometers.info\/geography\/alphabetical-list-of-countries<\/p>\n<p>the new c64.found it in my bible inside my head. thank. pope Francis and the goons<\/p>\n<p>&#8212;&#8212;&#8212;&#8212;&#8212;&#8212;&#8212;&#8212;&#8212;&#8212;&#8212;&#8212;&#8212;&#8212;&#8212;&#8212;&#8212;&#8212;&#8212;&#8212;&#8212;&#8212;&#8212;&#8212;&#8212;&#8212;&#8212;&#8212;&#8212;&#8212;&#8212;&#8212;&#8212;-<\/p>\n<p>17. A new money transfer system solution basset on the internet ICANn. world whois and blockchain and the whole universe with planet and stars.<br \/>\n&#8220;project 0ne dollar&#8221; contact Michael Mansen at michaelviste@icloud.com<br \/>\nthank you pope fancies . for your learning.<\/p>\n<p>18. &#8220;EXTEND TO PROJECT UNDER STAND&#8221; ALL COMMUNICATION BETWEEN 0 AND A 1000000000000000000000000000000000000000000000000000000000000000000000000000000000000000000000000000.000E11.555 GIGA HERZ. IN OUTER SPACE BOYOUND THE 9 PLANET SYSTEM AND 12 PLANET SYSTEMS.<\/p>\n<p>19. handicap speech to control device contact for more info.<\/p>\n<p>20. windmill car runs on small battery at start and the it runs out the box from north pole to syd pole<\/p>\n<p>21. a game render for games 2 rays of light from the light point in your engine<\/p>\n<p>22. a new design of the depthbuffer for graphics cards<\/p>\n<p>23. <strong>et h\u00f8re aprat s\u00e5 man kan h\u00f8re stemmer i hjeren<\/strong><\/p>\n<p>24. flying car for the future<\/p>\n<p>25. car speech to drive and control navigation in car for handicap people<\/p>\n<p>contact Michael Hansen at michaelviste@icloud.com<br \/>\nthank you pope fancies . for your learning.<\/p>\n<p>19. TOOLS OF TRADE .&#8221;trade routes between planets and star systems&#8221; contact michaelviste@icloud.com<\/p>\n<p>21. New bank construction with no debt paten at the Vatican or en Denmark<\/p>\n<p>22 paten of a rectangle pengesessel<\/p>\n<p>23 patten of footstep on planet earth<\/p>\n<p>24 patten of number and alfabet in spoken language on planet earth<\/p>\n<p>thank you pope fancies . for your learning.<\/p>\n<p>&#8220;all inventions are &#8211;ONLY for Michael Hansen 2809701517 OF DENMARK. unskyld jeg er orblind. 160 undskyld jeg ikke passer ind i vores arbejdsmarket profil.<\/p>\n<p>TAK TIL DEN DANSKE KONGE OF DRONING  Dronning Mary af Danmark BEGGE TO.<br \/>\nTAK TIL POPE FRANCIS.<\/p>\n<p>Best regards<\/p>\n<p>Michael Hansen<br \/>\nmichaelviste@icloud.com<\/p>\n<div style=\"width: 256px;\" class=\"wp-video\"><video class=\"wp-video-shortcode\" id=\"video-288-1\" width=\"256\" height=\"256\" preload=\"metadata\" controls=\"controls\"><source type=\"video\/mp4\" src=\"https:\/\/5mh2vulgata.com\/wp-content\/uploads\/2025\/02\/Et-pust-fra-ydre-rum-en-tanke-et-ord-en-.mp4?_=1\" \/><a href=\"https:\/\/5mh2vulgata.com\/wp-content\/uploads\/2025\/02\/Et-pust-fra-ydre-rum-en-tanke-et-ord-en-.mp4\">https:\/\/5mh2vulgata.com\/wp-content\/uploads\/2025\/02\/Et-pust-fra-ydre-rum-en-tanke-et-ord-en-.mp4<\/a><\/video><\/div>\n<p>a little story form the past<\/p>\n<p>Among the input devices introduced by Engelbart in 1968, during the first public demonstration of his project, was a small wooden box with a red button on top and a cable that protruded from one end, resembling, in some way, the tail. of a mouse. It was the first mouse in history.<\/p>\n<p>the mouse and later wireless..<\/p>\n","protected":false},"excerpt":{"rendered":"<p>1.Invention of weird things and Everything. 2.&#8221;help fight climate change&#8221; &#8221; 3.The flood of free things is cumming&#8221; <a href=\"https:\/\/5mh2vulgata.com\/index.php\/invention\/\">Continue reading<\/a><\/p>\n","protected":false},"author":1,"featured_media":0,"parent":0,"menu_order":0,"comment_status":"closed","ping_status":"closed","template":"","meta":{"footnotes":""},"class_list":["post-288","page","type-page","status-publish","hentry"],"_links":{"self":[{"href":"https:\/\/5mh2vulgata.com\/index.php\/wp-json\/wp\/v2\/pages\/288","targetHints":{"allow":["GET"]}}],"collection":[{"href":"https:\/\/5mh2vulgata.com\/index.php\/wp-json\/wp\/v2\/pages"}],"about":[{"href":"https:\/\/5mh2vulgata.com\/index.php\/wp-json\/wp\/v2\/types\/page"}],"author":[{"embeddable":true,"href":"https:\/\/5mh2vulgata.com\/index.php\/wp-json\/wp\/v2\/users\/1"}],"replies":[{"embeddable":true,"href":"https:\/\/5mh2vulgata.com\/index.php\/wp-json\/wp\/v2\/comments?post=288"}],"version-history":[{"count":44,"href":"https:\/\/5mh2vulgata.com\/index.php\/wp-json\/wp\/v2\/pages\/288\/revisions"}],"predecessor-version":[{"id":423,"href":"https:\/\/5mh2vulgata.com\/index.php\/wp-json\/wp\/v2\/pages\/288\/revisions\/423"}],"wp:attachment":[{"href":"https:\/\/5mh2vulgata.com\/index.php\/wp-json\/wp\/v2\/media?parent=288"}],"curies":[{"name":"wp","href":"https:\/\/api.w.org\/{rel}","templated":true}]}}